{"id":139,"date":"2026-07-12T18:18:40","date_gmt":"2026-07-12T21:18:40","guid":{"rendered":"https:\/\/coral-koala-527058.hostingersite.com\/?post_type=profissional&#038;p=139"},"modified":"2026-08-06T16:37:49","modified_gmt":"2026-08-06T19:37:49","slug":"marcelo-seger","status":"publish","type":"profissional","link":"https:\/\/dgadvogados.com.br\/en\/profissional\/marcelo-seger\/","title":{"rendered":"Marcelo Seger"},"content":{"rendered":"<p>Master&#8217;s degree in Legal Science from Univali. Postgraduate in Tax Law from Funda\u00e7\u00e3o Get\u00falio Vargas. Graduated in Law from Funda\u00e7\u00e3o Universidade Regional de Blumenau. Former substitute professor at Funda\u00e7\u00e3o Universidade Regional de Blumenau.<\/p>","protected":false},"featured_media":135,"template":"","meta":{"_acf_changed":false},"class_list":["post-139","profissional","type-profissional","status-publish","has-post-thumbnail","hentry"],"acf":[],"yoast_head":"<!-- This site is optimized with the Yoast SEO plugin v28.4 - https:\/\/yoast.com\/product\/yoast-seo-wordpress\/ -->\n<title>Marcelo Seger - Deschamps, Grutzmacher e Advogados Associados<\/title>\n<meta name=\"description\" content=\"Conhe\u00e7a a atua\u00e7\u00e3o de Marcelo Seger na Deschamps, Grutzmacher e Advogados Associados.\" \/>\n<meta name=\"robots\" content=\"index, follow, max-snippet:-1, max-image-preview:large, max-video-preview:-1\" \/>\n<link rel=\"canonical\" href=\"https:\/\/darkorange-capybara-778074.hostingersite.com\/profissional\/marcelo-seger\/\" \/>\n<meta property=\"og:locale\" content=\"en_US\" \/>\n<meta property=\"og:type\" content=\"article\" \/>\n<meta property=\"og:title\" content=\"Marcelo Seger - Deschamps, Grutzmacher e Advogados Associados\" \/>\n<meta property=\"og:description\" content=\"Conhe\u00e7a a atua\u00e7\u00e3o de Marcelo Seger na Deschamps, Grutzmacher e Advogados Associados.\" \/>\n<meta property=\"og:url\" content=\"https:\/\/darkorange-capybara-778074.hostingersite.com\/profissional\/marcelo-seger\/\" \/>\n<meta property=\"og:site_name\" content=\"Deschamps, Grutzmacher e Advogados Associados\" \/>\n<meta property=\"article:modified_time\" content=\"2026-08-06T19:37:49+00:00\" \/>\n<meta property=\"og:image\" content=\"http:\/\/dgadvogados.com.br\/wp-content\/uploads\/2026\/07\/Rectangle-15-14.jpg\" \/>\n\t<meta property=\"og:image:width\" content=\"876\" \/>\n\t<meta property=\"og:image:height\" content=\"1167\" \/>\n\t<meta property=\"og:image:type\" content=\"image\/jpeg\" \/>\n<meta name=\"twitter:card\" content=\"summary_large_image\" \/>\n<meta name=\"twitter:label1\" content=\"Est. reading time\" \/>\n\t<meta name=\"twitter:data1\" content=\"1 minute\" \/>\n<script type=\"application\/ld+json\" class=\"yoast-schema-graph\">{\"@context\":\"https:\\\/\\\/schema.org\",\"@graph\":[{\"@type\":\"WebPage\",\"@id\":\"https:\\\/\\\/darkorange-capybara-778074.hostingersite.com\\\/profissional\\\/marcelo-seger\\\/\",\"url\":\"https:\\\/\\\/darkorange-capybara-778074.hostingersite.com\\\/profissional\\\/marcelo-seger\\\/\",\"name\":\"Marcelo Seger - Deschamps, Grutzmacher e Advogados Associados\",\"isPartOf\":{\"@id\":\"https:\\\/\\\/darkorange-capybara-778074.hostingersite.com\\\/#website\"},\"primaryImageOfPage\":{\"@id\":\"https:\\\/\\\/darkorange-capybara-778074.hostingersite.com\\\/profissional\\\/marcelo-seger\\\/#primaryimage\"},\"image\":{\"@id\":\"https:\\\/\\\/darkorange-capybara-778074.hostingersite.com\\\/profissional\\\/marcelo-seger\\\/#primaryimage\"},\"thumbnailUrl\":\"https:\\\/\\\/dgadvogados.com.br\\\/wp-content\\\/uploads\\\/2026\\\/07\\\/Rectangle-15-14.jpg\",\"datePublished\":\"2026-07-12T21:18:40+00:00\",\"dateModified\":\"2026-08-06T19:37:49+00:00\",\"description\":\"Conhe\u00e7a a atua\u00e7\u00e3o de Marcelo Seger na Deschamps, Grutzmacher e Advogados Associados.\",\"breadcrumb\":{\"@id\":\"https:\\\/\\\/darkorange-capybara-778074.hostingersite.com\\\/profissional\\\/marcelo-seger\\\/#breadcrumb\"},\"inLanguage\":\"en-US\",\"potentialAction\":[{\"@type\":\"ReadAction\",\"target\":[\"https:\\\/\\\/darkorange-capybara-778074.hostingersite.com\\\/profissional\\\/marcelo-seger\\\/\"]}]},{\"@type\":\"ImageObject\",\"inLanguage\":\"en-US\",\"@id\":\"https:\\\/\\\/darkorange-capybara-778074.hostingersite.com\\\/profissional\\\/marcelo-seger\\\/#primaryimage\",\"url\":\"https:\\\/\\\/dgadvogados.com.br\\\/wp-content\\\/uploads\\\/2026\\\/07\\\/Rectangle-15-14.jpg\",\"contentUrl\":\"https:\\\/\\\/dgadvogados.com.br\\\/wp-content\\\/uploads\\\/2026\\\/07\\\/Rectangle-15-14.jpg\",\"width\":876,\"height\":1167},{\"@type\":\"BreadcrumbList\",\"@id\":\"https:\\\/\\\/darkorange-capybara-778074.hostingersite.com\\\/profissional\\\/marcelo-seger\\\/#breadcrumb\",\"itemListElement\":[{\"@type\":\"ListItem\",\"position\":1,\"name\":\"In\u00edcio\",\"item\":\"https:\\\/\\\/darkorange-capybara-778074.hostingersite.com\\\/\"},{\"@type\":\"ListItem\",\"position\":2,\"name\":\"Marcelo Seger\"}]},{\"@type\":\"WebSite\",\"@id\":\"https:\\\/\\\/darkorange-capybara-778074.hostingersite.com\\\/#website\",\"url\":\"https:\\\/\\\/darkorange-capybara-778074.hostingersite.com\\\/\",\"name\":\"Deschamps, Grutzmacher e Advogados Associados\",\"description\":\"Advocacia consultiva e estrat\u00e9gica para proteger decis\u00f5es, neg\u00f3cios e legados.\",\"publisher\":{\"@id\":\"https:\\\/\\\/darkorange-capybara-778074.hostingersite.com\\\/#organization\"},\"alternateName\":\"DG Advogados\",\"potentialAction\":[{\"@type\":\"SearchAction\",\"target\":{\"@type\":\"EntryPoint\",\"urlTemplate\":\"https:\\\/\\\/darkorange-capybara-778074.hostingersite.com\\\/?s={search_term_string}\"},\"query-input\":{\"@type\":\"PropertyValueSpecification\",\"valueRequired\":true,\"valueName\":\"search_term_string\"}}],\"inLanguage\":\"en-US\"},{\"@type\":\"Organization\",\"@id\":\"https:\\\/\\\/darkorange-capybara-778074.hostingersite.com\\\/#organization\",\"name\":\"Deschamps, Grutzmacher e Advogados Associados\",\"alternateName\":\"DG Advogados\",\"url\":\"https:\\\/\\\/darkorange-capybara-778074.hostingersite.com\\\/\",\"logo\":{\"@type\":\"ImageObject\",\"inLanguage\":\"en-US\",\"@id\":\"https:\\\/\\\/darkorange-capybara-778074.hostingersite.com\\\/#\\\/schema\\\/logo\\\/image\\\/\",\"url\":\"http:\\\/\\\/dgadvogados.com.br\\\/wp-content\\\/uploads\\\/2026\\\/07\\\/favicon_DG.png\",\"contentUrl\":\"http:\\\/\\\/dgadvogados.com.br\\\/wp-content\\\/uploads\\\/2026\\\/07\\\/favicon_DG.png\",\"width\":512,\"height\":512,\"caption\":\"Deschamps, Grutzmacher e Advogados Associados\"},\"image\":{\"@id\":\"https:\\\/\\\/darkorange-capybara-778074.hostingersite.com\\\/#\\\/schema\\\/logo\\\/image\\\/\"},\"sameAs\":[\"https:\\\/\\\/www.linkedin.com\\\/company\\\/deschampsgrutzmacher\\\/\",\"https:\\\/\\\/www.instagram.com\\\/deschampsgrutzmacher\\\/\"]}]}<\/script>\n<!-- \/ Yoast SEO plugin. -->","yoast_head_json":{"title":"Marcelo Seger - Deschamps, Grutzmacher e Advogados Associados","description":"Conhe\u00e7a a atua\u00e7\u00e3o de Marcelo Seger na Deschamps, Grutzmacher e Advogados Associados.","robots":{"index":"index","follow":"follow","max-snippet":"max-snippet:-1","max-image-preview":"max-image-preview:large","max-video-preview":"max-video-preview:-1"},"canonical":"https:\/\/darkorange-capybara-778074.hostingersite.com\/profissional\/marcelo-seger\/","og_locale":"en_US","og_type":"article","og_title":"Marcelo Seger - Deschamps, Grutzmacher e Advogados Associados","og_description":"Conhe\u00e7a a atua\u00e7\u00e3o de Marcelo Seger na Deschamps, Grutzmacher e Advogados Associados.","og_url":"https:\/\/darkorange-capybara-778074.hostingersite.com\/profissional\/marcelo-seger\/","og_site_name":"Deschamps, Grutzmacher e Advogados Associados","article_modified_time":"2026-08-06T19:37:49+00:00","og_image":[{"width":876,"height":1167,"url":"http:\/\/dgadvogados.com.br\/wp-content\/uploads\/2026\/07\/Rectangle-15-14.jpg","type":"image\/jpeg"}],"twitter_card":"summary_large_image","twitter_misc":{"Est. reading time":"1 minute"},"schema":{"@context":"https:\/\/schema.org","@graph":[{"@type":"WebPage","@id":"https:\/\/darkorange-capybara-778074.hostingersite.com\/profissional\/marcelo-seger\/","url":"https:\/\/darkorange-capybara-778074.hostingersite.com\/profissional\/marcelo-seger\/","name":"Marcelo Seger - Deschamps, Grutzmacher e Advogados Associados","isPartOf":{"@id":"https:\/\/darkorange-capybara-778074.hostingersite.com\/#website"},"primaryImageOfPage":{"@id":"https:\/\/darkorange-capybara-778074.hostingersite.com\/profissional\/marcelo-seger\/#primaryimage"},"image":{"@id":"https:\/\/darkorange-capybara-778074.hostingersite.com\/profissional\/marcelo-seger\/#primaryimage"},"thumbnailUrl":"https:\/\/dgadvogados.com.br\/wp-content\/uploads\/2026\/07\/Rectangle-15-14.jpg","datePublished":"2026-07-12T21:18:40+00:00","dateModified":"2026-08-06T19:37:49+00:00","description":"Conhe\u00e7a a atua\u00e7\u00e3o de Marcelo Seger na Deschamps, Grutzmacher e Advogados Associados.","breadcrumb":{"@id":"https:\/\/darkorange-capybara-778074.hostingersite.com\/profissional\/marcelo-seger\/#breadcrumb"},"inLanguage":"en-US","potentialAction":[{"@type":"ReadAction","target":["https:\/\/darkorange-capybara-778074.hostingersite.com\/profissional\/marcelo-seger\/"]}]},{"@type":"ImageObject","inLanguage":"en-US","@id":"https:\/\/darkorange-capybara-778074.hostingersite.com\/profissional\/marcelo-seger\/#primaryimage","url":"https:\/\/dgadvogados.com.br\/wp-content\/uploads\/2026\/07\/Rectangle-15-14.jpg","contentUrl":"https:\/\/dgadvogados.com.br\/wp-content\/uploads\/2026\/07\/Rectangle-15-14.jpg","width":876,"height":1167},{"@type":"BreadcrumbList","@id":"https:\/\/darkorange-capybara-778074.hostingersite.com\/profissional\/marcelo-seger\/#breadcrumb","itemListElement":[{"@type":"ListItem","position":1,"name":"In\u00edcio","item":"https:\/\/darkorange-capybara-778074.hostingersite.com\/"},{"@type":"ListItem","position":2,"name":"Marcelo Seger"}]},{"@type":"WebSite","@id":"https:\/\/darkorange-capybara-778074.hostingersite.com\/#website","url":"https:\/\/darkorange-capybara-778074.hostingersite.com\/","name":"Deschamps, Grutzmacher e Advogados Associados","description":"Advocacia consultiva e estrat\u00e9gica para proteger decis\u00f5es, neg\u00f3cios e legados.","publisher":{"@id":"https:\/\/darkorange-capybara-778074.hostingersite.com\/#organization"},"alternateName":"DG Advogados","potentialAction":[{"@type":"SearchAction","target":{"@type":"EntryPoint","urlTemplate":"https:\/\/darkorange-capybara-778074.hostingersite.com\/?s={search_term_string}"},"query-input":{"@type":"PropertyValueSpecification","valueRequired":true,"valueName":"search_term_string"}}],"inLanguage":"en-US"},{"@type":"Organization","@id":"https:\/\/darkorange-capybara-778074.hostingersite.com\/#organization","name":"Deschamps, Grutzmacher e Advogados Associados","alternateName":"DG Advogados","url":"https:\/\/darkorange-capybara-778074.hostingersite.com\/","logo":{"@type":"ImageObject","inLanguage":"en-US","@id":"https:\/\/darkorange-capybara-778074.hostingersite.com\/#\/schema\/logo\/image\/","url":"http:\/\/dgadvogados.com.br\/wp-content\/uploads\/2026\/07\/favicon_DG.png","contentUrl":"http:\/\/dgadvogados.com.br\/wp-content\/uploads\/2026\/07\/favicon_DG.png","width":512,"height":512,"caption":"Deschamps, Grutzmacher e Advogados Associados"},"image":{"@id":"https:\/\/darkorange-capybara-778074.hostingersite.com\/#\/schema\/logo\/image\/"},"sameAs":["https:\/\/www.linkedin.com\/company\/deschampsgrutzmacher\/","https:\/\/www.instagram.com\/deschampsgrutzmacher\/"]}]}},"_links":{"self":[{"href":"https:\/\/dgadvogados.com.br\/en\/wp-json\/wp\/v2\/profissional\/139","targetHints":{"allow":["GET"]}}],"collection":[{"href":"https:\/\/dgadvogados.com.br\/en\/wp-json\/wp\/v2\/profissional"}],"about":[{"href":"https:\/\/dgadvogados.com.br\/en\/wp-json\/wp\/v2\/types\/profissional"}],"wp:featuredmedia":[{"embeddable":true,"href":"https:\/\/dgadvogados.com.br\/en\/wp-json\/wp\/v2\/media\/135"}],"wp:attachment":[{"href":"https:\/\/dgadvogados.com.br\/en\/wp-json\/wp\/v2\/media?parent=139"}],"curies":[{"name":"wp","href":"https:\/\/api.w.org\/{rel}","templated":true}]}}

<p>Master&#8217;s degree in Legal Science from Univali. Postgraduate in Tax Law from Fundação Getúlio Vargas. Graduated in Law from Fundação Universidade Regional de Blumenau. Former substitute professor at Fundação Universidade Regional de Blumenau.</p>

<!-- This site is optimized with the Yoast SEO plugin v28.4 - https://yoast.com/product/yoast-seo-wordpress/ -->
<title>Marcelo Seger - Deschamps, Grutzmacher e Advogados Associados</title>
<meta name="description" content="Conheça a atuação de Marcelo Seger na Deschamps, Grutzmacher e Advogados Associados." />
<meta name="robots" content="index, follow, max-snippet:-1, max-image-preview:large, max-video-preview:-1" />
<link rel="canonical" href="https://darkorange-capybara-778074.hostingersite.com/profissional/marcelo-seger/" />
<meta property="og:locale" content="en_US" />
<meta property="og:type" content="article" />
<meta property="og:title" content="Marcelo Seger - Deschamps, Grutzmacher e Advogados Associados" />
<meta property="og:description" content="Conheça a atuação de Marcelo Seger na Deschamps, Grutzmacher e Advogados Associados." />
<meta property="og:url" content="https://darkorange-capybara-778074.hostingersite.com/profissional/marcelo-seger/" />
<meta property="og:site_name" content="Deschamps, Grutzmacher e Advogados Associados" />
<meta property="article:modified_time" content="2026-08-06T19:37:49+00:00" />
<meta property="og:image" content="http://dgadvogados.com.br/wp-content/uploads/2026/07/Rectangle-15-14.jpg" />
	<meta property="og:image:width" content="876" />
	<meta property="og:image:height" content="1167" />
	<meta property="og:image:type" content="image/jpeg" />
<meta name="twitter:card" content="summary_large_image" />
<meta name="twitter:label1" content="Est. reading time" />
	<meta name="twitter:data1" content="1 minute" />
<script type="application/ld+json" class="yoast-schema-graph">{"@context":"https:\/\/schema.org","@graph":[{"@type":"WebPage","@id":"https:\/\/darkorange-capybara-778074.hostingersite.com\/profissional\/marcelo-seger\/","url":"https:\/\/darkorange-capybara-778074.hostingersite.com\/profissional\/marcelo-seger\/","name":"Marcelo Seger - Deschamps, Grutzmacher e Advogados Associados","isPartOf":{"@id":"https:\/\/darkorange-capybara-778074.hostingersite.com\/#website"},"primaryImageOfPage":{"@id":"https:\/\/darkorange-capybara-778074.hostingersite.com\/profissional\/marcelo-seger\/#primaryimage"},"image":{"@id":"https:\/\/darkorange-capybara-778074.hostingersite.com\/profissional\/marcelo-seger\/#primaryimage"},"thumbnailUrl":"https:\/\/dgadvogados.com.br\/wp-content\/uploads\/2026\/07\/Rectangle-15-14.jpg","datePublished":"2026-07-12T21:18:40+00:00","dateModified":"2026-08-06T19:37:49+00:00","description":"Conheça a atuação de Marcelo Seger na Deschamps, Grutzmacher e Advogados Associados.","breadcrumb":{"@id":"https:\/\/darkorange-capybara-778074.hostingersite.com\/profissional\/marcelo-seger\/#breadcrumb"},"inLanguage":"en-US","potentialAction":[{"@type":"ReadAction","target":["https:\/\/darkorange-capybara-778074.hostingersite.com\/profissional\/marcelo-seger\/"]}]},{"@type":"ImageObject","inLanguage":"en-US","@id":"https:\/\/darkorange-capybara-778074.hostingersite.com\/profissional\/marcelo-seger\/#primaryimage","url":"https:\/\/dgadvogados.com.br\/wp-content\/uploads\/2026\/07\/Rectangle-15-14.jpg","contentUrl":"https:\/\/dgadvogados.com.br\/wp-content\/uploads\/2026\/07\/Rectangle-15-14.jpg","width":876,"height":1167},{"@type":"BreadcrumbList","@id":"https:\/\/darkorange-capybara-778074.hostingersite.com\/profissional\/marcelo-seger\/#breadcrumb","itemListElement":[{"@type":"ListItem","position":1,"name":"Início","item":"https:\/\/darkorange-capybara-778074.hostingersite.com\/"},{"@type":"ListItem","position":2,"name":"Marcelo Seger"}]},{"@type":"WebSite","@id":"https:\/\/darkorange-capybara-778074.hostingersite.com\/#website","url":"https:\/\/darkorange-capybara-778074.hostingersite.com\/","name":"Deschamps, Grutzmacher e Advogados Associados","description":"Advocacia consultiva e estratégica para proteger decisões, negócios e legados.","publisher":{"@id":"https:\/\/darkorange-capybara-778074.hostingersite.com\/#organization"},"alternateName":"DG Advogados","potentialAction":[{"@type":"SearchAction","target":{"@type":"EntryPoint","urlTemplate":"https:\/\/darkorange-capybara-778074.hostingersite.com\/?s={search_term_string}"},"query-input":{"@type":"PropertyValueSpecification","valueRequired":true,"valueName":"search_term_string"}}],"inLanguage":"en-US"},{"@type":"Organization","@id":"https:\/\/darkorange-capybara-778074.hostingersite.com\/#organization","name":"Deschamps, Grutzmacher e Advogados Associados","alternateName":"DG Advogados","url":"https:\/\/darkorange-capybara-778074.hostingersite.com\/","logo":{"@type":"ImageObject","inLanguage":"en-US","@id":"https:\/\/darkorange-capybara-778074.hostingersite.com\/#\/schema\/logo\/image\/","url":"http:\/\/dgadvogados.com.br\/wp-content\/uploads\/2026\/07\/favicon_DG.png","contentUrl":"http:\/\/dgadvogados.com.br\/wp-content\/uploads\/2026\/07\/favicon_DG.png","width":512,"height":512,"caption":"Deschamps, Grutzmacher e Advogados Associados"},"image":{"@id":"https:\/\/darkorange-capybara-778074.hostingersite.com\/#\/schema\/logo\/image\/"},"sameAs":["https:\/\/www.linkedin.com\/company\/deschampsgrutzmacher\/","https:\/\/www.instagram.com\/deschampsgrutzmacher\/"]}]}</script>
<!-- / Yoast SEO plugin. -->

Conheça a atuação de Marcelo Seger na Deschamps, Grutzmacher e Advogados Associados.

Início

Advocacia consultiva e estratégica para proteger decisões, negócios e legados.
